osite number?
True
Is 786048479 composite?
False
Is 2837057683 a composite number?
True
Is 616227649 composite?
False
Is 224279119 composite?
True
Is 32788828066 prime?
False
Is 5912451487 a prime number?
False
Is 954824951 a composite number?
False
Is 4360425919 a prime number?
False
Is 3876637199 composite?
False
Is 210556729 a composite number?
True
Is 14490069743 prime?
False
Is 2506567937 a composite number?
False
Is 248874413 a prime number?
True
Is 3104580973 a composite number?
True
Is 18157716791 composite?
True
Is 3138479607 prime?
False
Is 1512453043 a prime number?
True
Is 110053858429 a composite number?
False
Is 608747257 composite?
True
Is 910094657 a prime number?
True
Is 3681121659 composite?
True
Is 3098598667 prime?
True
Is 1759716727 composite?
True
Is 8952511459 a prime number?
True
Is 1929098449 a composite number?
True
Is 143941 prime?
False
Is 1011982201 composite?
False
Is 34347448903 prime?
True
Is 535518041 a composite number?
True
Is 8640471451 a prime number?
False
Is 986250619 a prime number?
True
Is 975813827 a composite number?
False
Is 495079759 composite?
False
Is 3388151677 composite?
True
Is 105734998667 composite?
False
Is 121843109819 a prime number?
True
Is 9000536371 prime?
False
Is 19107099647 a composite number?
True
Is 4293287701 prime?
True
Is 25169574617 prime?
False
Is 1784243137 a prime number?
True
Is 338074579 prime?
True
Is 1527350551 a prime number?
True
Is 48159247 prime?
True
Is 268085887 a composite number?
False
Is 397644509 a prime number?
True
Is 226912489 composite?
False
Is 4476668947 a composite number?
False
Is 65708364611 a prime number?
True
Is 60117447295 a composite number?
True
Is 9902493791 a composite number?
True
Is 9439231811 a prime number?
True
Is 275811743 a composite number?
True
Is 16395893 prime?
False
Is 14387650411 a composite number?
False
Is 24874162441 a prime number?
True
Is 30119251753 prime?
True
Is 5948860097 a prime number?
False
Is 6617276227 a composite number?
False
Is 48944253077 composite?
False
Is 48058239989 a prime number?
True
Is 277448359 a prime number?
False
Is 4403254367 a prime number?
True
Is 410498939 prime?
False
Is 176983057721 a composite number?
False
Is 582292741 prime?
False
Is 1522662803 a composite number?
False
Is 238135377 composite?
True
Is 1011643319 composite?
False
Is 2253152989 a composite number?
False
Is 464042347 prime?
True
Is 11176276327 composite?
False
Is 71101710553 composite?
True
Is 892024921 prime?
True
Is 25946491699 a composite number?
False
Is 6571097231 a prime number?
True
Is 69199019767 a prime number?
True
Is 515798587 a composite number?
False
Is 3077590681 a prime number?
False
Is 449263261 a prime number?
True
Is 2839966217 prime?
False
Is 151907159 a composite number?
False
Is 137875937 a prime number?
True
Is 13559702183 prime?
True
Is 64562967919 a prime number?
False
Is 23191957 a composite number?
False
Is 12933114083 prime?
False
Is 27420655 composite?
True
Is 115407147703 a composite number?
False
Is 866191039 a composite number?
True
Is 12394083791 composite?
True
Is 961087301 composite?
False
Is 8829770567 composite?
False
Is 638113793 a composite number?
False
Is 914956717 composite?
False
Is 387071738563 prime?
True
Is 20514598007 prime?
False
Is 2810687339 prime?
True
Is 376608503 composite?
False
Is 27974601143 composite?
False
Is 32023670321 a composite number?
True
Is 11981310851 prime?
True
Is 8141926973 prime?
False
Is 7508463857 composite?
True
Is 38320979941 a prime number?
False
Is 42213833723 a prime number?
True
Is 22581484001 prime?
True
Is 33939737203 prime?
True
Is 851432801 prime?
False
Is 1720043953 composite?
True
Is 10055830283 a composite number?
True
Is 27255149737 prime?
True
Is 44838882563 a composite number?
False
Is 8748140053 prime?
False
Is 72154783861 composite?
False
Is 7719006299 a composite number?
True
Is 33130049 a composite number?
True
Is 14646612073 a composite number?
False
Is 11476218583 a composite number?
True
Is 5854517771 composite?
False
Is 9239549909 prime?
True
Is 13159064483 composite?
False
Is 10057169063 prime?
True
Is 118803709 composite?
True
Is 826997357 prime?
True
Is 5639374619 composite?
False
Is 25827811877 composite?
True
Is 961230713 a composite number?
False
Is 3338819741 prime?
True
Is 9930303367 prime?
True
Is 1124056673 prime?
True
Is 52471702187 a composite number?
False
Is 21381857659 a prime number?
False
Is 44076145835 a prime number?
False
Is 896683033 prime?
False
Is 62986891213 a composite number?
False
Is 6677200651 prime?
False
Is 1023794633 a composite number?
False
Is 141658103 prime?
True
Is 1278587509 composite?
False
Is 93177677 prime?
False
Is 308471453 prime?
False
Is 68680362781 prime?
True
Is 11033144407 composite?
False
Is 30529514443 prime?
False
Is 111130727 composite?
True
Is 614402417 prime?
True
Is 461797361 prime?
True
Is 24663130799 prime?
True
Is 11376936653 a prime number?
False
Is 2991383803 a prime number?
True
Is 197850881 composite?
False
Is 166659297403 a composite number?
True
Is 11590384777 prime?
True
Is 869783491 composite?
False
Is 380872874 a prime number?
False
Is 687138733 prime?
True
Is 1298511127 a prime number?
True
Is 2948574617 a prime number?
True
Is 1082743933 a composite number?
False
Is 1959050591 prime?
False
Is 461250721 composite?
True
Is 489962849 a prime number?
True
Is 17582410103 a composite number?
False
Is 29568238391 composite?
True
Is 4475725327 a prime number?
True
Is 1965277723 composite?
True
Is 20929140451 composite?
True
Is 3271690831 a prime number?
False
Is 8853708209 a composite number?
True
Is 3711218969 prime?
True
Is 605551567 prime?
False
Is 140054183551 composite?
False
Is 32957600873 a prime number?
False
Is 174833237 composite?
True
Is 932800993 prime?
True
Is 8008142713 prime?
False
Is 13555859021 prime?
True
Is 39551313541 prime?
True
Is 187419751 a composite number?
True
Is 498274991 composite?
True
Is 48355427 composite?
True
Is 11249838097 a prime number?
False
Is 2327944673 a prime number?
False
Is 12611394311 prime?
False
Is 1466143895 composite?
True
Is 557434013 prime?
True
Is 10408773227 a prime number?
False
Is 145117201 prime?
False
Is 3172405063 prime?
False
Is 12341959673 a composite number?
False
Is 302886371 composite?
True
Is 1023431369 a prime number?
True
Is 861365147 composite?
False
Is 1030569523 a composite number?
False
Is 168336535495 a composite number?
True
Is 18151695935 composite?
True
Is 304240870969 a composite number?
True
Is 79660564993 a prime number?
True
Is 9304285981 prime?
True
Is 1242474613 prime?
True
Is 105657103 a composite number?
False
Is 562213129 a prime number?
False
Is 1032304981 prime?
True
Is 59183263 a prime number?
False
Is 9046009361 a composite number?
True
Is 36892347497 a prime number?
True
Is 8443848841 prime?
True
Is 455571853 prime?
False
Is 2034360217 a prime number?
True
Is 8002771783 prime?
True
Is 7649342087 composite?
False
Is 56858455877 a prime number?
True
Is 79506640901 composite?
False
Is 694334957 prime?
False
Is 1757971669 a prime number?
True
Is 40179864013 composite?
True
Is 3988538233 a prime number?
True
Is 246789013 a prime number?
True
Is 1769170913 a composite number?
False
Is 2403718129 a prime number?
True
Is 23879117323 composite?
False
Is 425351749 prime?
False
Is 389972551 a prime number?
True
Is 12373999031 prime?
True
Is 630503693 a prime number?
False
Is 524939161 a prime number?
True
Is 8471668603 a composite number?
False
Is 26814186323 prime?
True
Is 649212253 prime?
False
Is 1158923 a prime number?
True
Is 23227496429 composite?
False
Is 962485 prime?
False
Is 593598601 a composite number?
False
Is 84313037 composite?
False
Is 13259027723 a prime number?
True
Is 4095638821 composite?
False
Is 72089555269 prime?
True
Is 115356989921 a prime number?
False
Is 3797130869 a prime number?
False
Is 13411111451 a composite number?
True
Is 297660409 composite?
False
Is 97343970889 a composite number?
True
Is 132791096738 a composite number?
True
Is 5417701859 prime?
True
Is 2758503943 composite?
True
Is 6452479247 a prime number?
False
Is 834740066 prime?
False
Is 371706177538 composite?
True
Is 4888762181 a composite number?
False
Is 448594309 a prime number?
True
Is 7996262821 c